- 255 = -i*l, 3*l - 5*h - 172 = -0*l. Is l prime?
False
Suppose -120*k - 5051466 + 26835908 = -12600478. Is k a composite number?
False
Suppose 3*v = 4*c + 948391, -145*c + 6 = -142*c. Is v prime?
True
Let k = -35664 - -67511. Is k prime?
True
Suppose -23*j - 105509151 = -294*j + 2850470. Is j prime?
True
Let z(p) = -p**2 - 9*p - 10. Let k be z(-5). Suppose -6*n + k*n = -4*d + 9500, 4*d + 5*n - 9504 = 0. Is d prime?
True
Suppose d - 4*s = 120315, 10*s = -4*d + 5*s + 481218. Is d composite?
True
Suppose -12 = 4*w, -3*a + 2*a + 5*w + 5897 = 0. Suppose 6*i + 998 - a = 0. Is i/10 + (-2 - 52/(-20)) a composite number?
True
Let c be 28/(-42)*108/(-8). Suppose -31551 = -c*y - 2922. Is y composite?
False
Suppose 2*q = 11*q - 5*q. Suppose q = -8*h + 3*h + 7685. Is h prime?
False
Let s(b) = -528 + 109 + 38*b**2 + 39*b - 15*b**2 + 28*b**2 + 163. Is s(6) prime?
False
Let z(f) = f**3 - 1369. Let v be z(0). Let j = 2582 + v. Is j prime?
True
Let s = 43735 - 5708. Is s a prime number?
False
Let m be (-4)/38 + 546/133. Is (((-21544)/6)/m)/((-10)/90) a composite number?
True
Let u = 25 + -14. Let t = -35 - -143. Let f = u + t. Is f prime?
False
Suppose 3*f = 3, 4*h - 3*f + 2*f = 139483. Is h a prime number?
True
Let a(p) = p**3 + 15*p**2 - 2*p + 2. Let z be a(-15). Suppose l + l = z. Is -3 + 2580/l - 6/(-8) composite?
True
Suppose -13*q + 8 = -12*q. Suppose 1 = 2*v - 7, 3*m + q = 5*v. Suppose m*z = d - 3*d + 462, 5*d = -5*z + 565. Is z a composite number?
True
Let b(a) = 8*a - 11*a - 11*a + 21 + a. Suppose -3*c + 5*n - 86 = 0, -n - 3*n + 104 = -4*c. Is b(c) a composite number?
False
Let j be (-28)/(-8)*(-10)/(-7). Suppose -j*x - 3*d = -0*d - 4246, 1693 = 2*x + 3*d. Is x a prime number?
False
Let r(x) = -x**2 - 58*x - 300. Let h be r(-6). Is ((-100)/(-30))/(h/3546) prime?
False
Suppose 0 = -107*b + 4833136 + 2986638. Is b composite?
True
Let m = -5788 + 10281. Is m a prime number?
True
Let b(m) = 300*m**2 + 49*m - 6. Is b(-13) a composite number?
True
Let t = 261 + 19652. Is t prime?
True
Suppose 0 = 52*g - 49*g - 2*r - 321369, 5*g + 4*r = 535571. Is g a composite number?
False
Suppose -2*j + 452 = -m + 1427, -4*m = j - 3936. Let o = m - 342. Is o composite?
False
Let h be -3*(-40)/(-24) + 30960. Suppose 7*q - 2736 = h. Is q a composite number?
False
Let x(k) = k**2 - 3*k + 5. Let d be x(4). Suppose -77728 = -42*t - 70*t. Suppose 0 = -d*z + t + 8072. Is z prime?
False
Is (1336090/8)/7 + 1/4*-7 composite?
False
Let h be (6/(-2) + 3)*-1. Suppose 5*z - 2898 + 803 = h. Is z a composite number?
False
Let c be (-2)/(-29) - (-85476000)/725. Suppose 18*j = -4*j + c. Is j composite?
True
Let a(v) = 7*v + 5. Let j be a(-2). Is j + (-320)/(-35) + 42516/14 prime?
True
Suppose -2*y = -2*i + 1 - 5, -5*i = -2*y - 5. Suppose 3*v - 5029 = j, -v + y*j = -1091 - 604. Suppose 3*k - 8*k = -v. Is k prime?
False
Let k(t) = 163*t**3 - 2*t**2 + 4*t + 72. Is k(5) prime?
False
Let x = -460682 - -785037. Is x prime?
False
Let l be (-3 - -1) + 0 + 4/4. Is 849/(0/(-4) - l) a composite number?
True
Suppose 19*h = 365709 - 73280. Is h a composite number?
False
Let z(t) = 6 - 38 + 28*t - 13*t - 7*t. Let g be z(5). Suppose 0 = 2*o - g*o + 2922. Is o composite?
False
Suppose 0 = -7*z + 11*z. Suppose -4*u - 2*w + 5124 + 4518 = z, -5*w = -u + 2438. Is u composite?
True
Suppose 742 + 24233 = 5*i. Suppose -2*p = -i - 4689. Suppose 4*g - 10*g = -p. Is g composite?
True
Suppose 191*t + 161035 - 3662301 = 6386231. Is t prime?
True
Let d be (-3)/(-6)*0 + 17*2. Let a(t) = 70*t + 22 + d*t + 29*t. Is a(9) prime?
False
Let g(y) = 11086*y - 464. Let k(f) = -2218*f + 93. Let b(n) = 2*g(n) + 11*k(n). Is b(-2) composite?
False
Let x = -4458 + 5525. Is x prime?
False
Suppose -3*p - 3*y = 0, p + 2*p - y = -12. Let m(n) = -731*n - 34. Is m(p) composite?
True
Let g be 8524/10 + 20/250*-5. Suppose a - 1017 - 328 = 0. Let r = a - g. Is r a prime number?
False
Let v(t) = 6601*t - 3879. Is v(100) a prime number?
True
Suppose 6*y - 5*t - 15140 = 4*y, -15132 = -2*y + t. Suppose y = 15*g + 2*g. Is g a prime number?
False
Let p(z) = -629*z + 1161. Is p(-28) prime?
True
Let g(v) = 85*v**2 + 3*v + 9. Suppose -26*a + 5 = 109. Is g(a) a prime number?
False
Suppose -11146526 = 206*o - 12895604 - 46495916. Is o a composite number?
True
Let r = 70 - 73. Let n be (-6)/r - (-2 - 1). Suppose 140 = n*g - g. Is g a composite number?
True
Let p(i) = -523*i**3 + 7*i**2 - 22*i + 3. Is p(-8) a prime number?
True
Let w(n) = 53*n**2 + 10*n + 19. Let k = -267 + 279. Is w(k) prime?
False
Suppose -4*x + 3 + 5 = 0, v - 10561 = -3*x. Is v a composite number?
True
Let a(o) = 800*o + 761. Is a(17) composite?
True
Suppose -2*i + 630 + 296 = 0. Suppose -t = -3*g + 7, -3*t + 27 = 4*g - g. Suppose -5*z - 2270 = -t*o, -2*o + o - 2*z + i = 0. Is o composite?
False
Let r be -7 - -4568 - -5 - 2*-2. Let n = -1497 + r. Is n composite?
True
Let p be (14/(-12))/(-7) + (-12556)/24. Let t = 799 + p. Let s = t + 121. Is s a prime number?
True
Let f = -74 - -154. Suppose -f*c = -81*c + 1769. Is c a prime number?
False
Suppose -5*w = -3*v, 5*v = -w - 4*w. Suppose -5*q + 4*r = -3883, 5*r + 4 + 6 = v. Let y = q + -188. Is y a composite number?
False
Let q(b) = -18003*b + 141. Let r be q(-10). Suppose 49*o - r = 22*o. Is o a composite number?
False
Suppose -25769348 = 9*t + 24*t - 77327987. Is t composite?
True
Let p(n) = -n**3 - n**2 - 3*n - 6. Let j be p(-2). Let z be (j/6)/(2/18). Suppose f - z*f = -635. Is f prime?
True
Is 5443104/192 - (1 - 1/2) a prime number?
True
Let j = -2366 - -6881. Let n = j + 3542. Is n composite?
True
Suppose -48 = 2*f - 54. Suppose -5596 = -9*h + 5*h + 5*k, -4197 = -f*h + 5*k. Is h a prime number?
True
Let j(d) be the second derivative of -d**4/12 - 10*d**3/3 - 16*d**2 + 6*d - 3. Let b be j(-18). Suppose 2*x = 3*c + 13330, b*c = -c + 20. Is x prime?
False
Let l(b) = 65*b**3 + 2. Let f be l(3). Suppose 58*c = 59*c - 4*z - 11, -5*z - 33 = -3*c. Suppose 4*s + f = c*s. Is s a composite number?
False
Suppose -285*n = -210*n - 12445425. Is n a composite number?
True
Let a be (11808/(-45) - 2) + 2/5. Let h = 2683 + a. Is h prime?
False
Let s = 349 - 347. Is 19447/s + 6*(-11)/44 prime?
False
Suppose -i = -4*y + 35639, -6*y + 71298 = -2*i - 2*y. Is 42/168 - i/4 a prime number?
False
Let m(k) = -3*k**2 + 1. Let b(a) = a**3 - 6*a**2 + 3*a + 11. Let u be b(5). Let f be m(u). Is (-406)/(-3*f/(-6) - 1) a composite number?
True
Let w = 270435 - 98467. Suppose 11*d - w = -6825. Is d composite?
False
Suppose -206*r + 4*r = -64972694. Is r a prime number?
True
Suppose -332195 = 155*v - 158*v + 2*b, -3*v + b = -332200. Is v composite?
True
Suppose -299*q + 285*q + 885374 = 0. Is q a prime number?
True
Let s = 117710 - -177279. Is s prime?
True
Let v = -91 - -94. Let b be (-2 - 40/(-15)) + (-7031)/v. Let c = b + 4981. Is c prime?
False
Suppose -362267 = -22*t + 4924751. Is t a prime number?
True
Suppose -3145037 = 67*d - 8557096. Is d prime?
True
Let b(s) = -45*s + 127. Let q(h) = h**2 - 17*h + 38. Let u be q(13). Is b(u) a composite number?
False
Let k = 722 - -217. Let b = 707 + -704. Suppose k = 5*s - b*i - 6618, -s = -3*i - 1521. Is s a prime number?
False
Let h(g) = 3*g**2 + 0*g + 17 + g + g. Let b be h(-10). Suppose -2*a + 1111 = b. Is a prime?
False
Let q(y) = -416*y + 65. Let a be (-5 - 17) + (-4)/(4/(-3)). Is q(a) composite?
True
Suppose -172 = 5*x - t, 0 = 2*x + 3*t - 2*t + 73. Let b = -32 - x. Suppose w + h = -b*w + 1940, 0 = 4*h. Is w a prime number?
False
Let x(i) = 612*i - 581. Is x(86) prime?
True
Let a = 774332 - 489449. Is a a composite number?
True
Let i = 600 + -596. Suppose 3*g - 35 = -2*g. Is 2*64 + (-4 - (i - g)) a prime number?
True
Let g = -31 - -34. Suppose -3*r = -g*z - 42, -6*z - 10 = r - z. Suppose -3*k = -r*k + 1393. Is k a composite number?
False
Let h = -46 - -4664. Is (h/6)/(46/138) a prime number?
True
Let q be ((-1200)/140)/(6/21). Is 7 + q/(-6) + 1125 a composite number?
True
Let n(h) = -4723*h**3 - 94*h - 274. Is n(-3) prime?
True
Suppose 0 = 4*f - f - 1233. Let c be 3/(0 + -3) - f. Let t = c - -803. Is t a composite number?
True
Suppose -15*c - 283 = -14*c. Let i = c + 496. Suppose 5*b = -0*s + 2*s - i, 3*s + 4*b - 331 = 0. Is s composite?
False
Let n(g) = 153311*g**2 + 10*g. Is n(-1) prime?
False
Suppose -21*m + 